{"id":2581,"date":"2023-09-14T03:11:18","date_gmt":"2023-09-14T01:11:18","guid":{"rendered":"https:\/\/novafemina.com\/?post_type=product&#038;p=2581"},"modified":"2024-01-24T16:45:09","modified_gmt":"2024-01-24T15:45:09","slug":"jean-bleu-large-confortable","status":"publish","type":"product","link":"https:\/\/novafemina.com\/?product=jean-bleu-large-confortable","title":{"rendered":"Jean Regular"},"content":{"rendered":"<p>Le<a href=\"http:\/\/novafemina.com\"> jean bleu<\/a> : un classique ind\u00e9modable de la mode d\u00e9contract\u00e9e. Confectionn\u00e9 dans un denim de qualit\u00e9, ce jean offre un confort sup\u00e9rieur et une polyvalence in\u00e9gal\u00e9e. La teinte bleue polyvalente en fait un choix parfait pour toutes les occasions, du quotidien aux sorties d\u00e9contract\u00e9es. Exprimez votre style avec ce jean intemporel, une pi\u00e8ce essentielle qui allie confort et mode.<\/p>\n","protected":false},"excerpt":{"rendered":"<p>Le jean bleu : un basique polyvalent pour un style d\u00e9contract\u00e9 ind\u00e9modable.<\/p>\n","protected":false},"featured_media":2554,"comment_status":"open","ping_status":"closed","template":"","meta":{"site-sidebar-layout":"default","site-content-layout":"default","ast-global-header-display":"","ast-main-header-display":"","ast-hfb-above-header-display":"","ast-hfb-below-header-display":"","ast-hfb-mobile-header-display":"","site-post-title":"","ast-breadcrumbs-content":"","ast-featured-img":"","footer-sml-layout":"","theme-transparent-header-meta":"default","adv-header-id-meta":"","stick-header-meta":"","header-above-stick-meta":"","header-main-stick-meta":"","header-below-stick-meta":""},"product_cat":[43],"product_tag":[],"yoast_head":"<!-- This site is optimized with the Yoast SEO plugin v21.5 - https:\/\/yoast.com\/wordpress\/plugins\/seo\/ -->\n<title>Jean Regular -<\/title>\n<meta name=\"description\" content=\"Nos jeans offrent un confort sup\u00e9rieur et une coupe impeccable. La teinte bleue polyvalente s&#039;adapte \u00e0 tous les looks, du d\u00e9contract\u00e9 au chic. Trouvez votre jean bleu id\u00e9al pour une allure intemporelle et un confort in\u00e9gal\u00e9.\" \/>\n<meta name=\"robots\" content=\"index, follow, max-snippet:-1, max-image-preview:large, max-video-preview:-1\" \/>\n<link rel=\"canonical\" href=\"https:\/\/novafemina.com\/?product=jean-bleu-large-confortable\" \/>\n<meta property=\"og:locale\" content=\"fr_FR\" \/>\n<meta property=\"og:type\" content=\"article\" \/>\n<meta property=\"og:title\" content=\"Jean Regular -\" \/>\n<meta property=\"og:description\" content=\"Nos jeans offrent un confort sup\u00e9rieur et une coupe impeccable. La teinte bleue polyvalente s&#039;adapte \u00e0 tous les looks, du d\u00e9contract\u00e9 au chic. Trouvez votre jean bleu id\u00e9al pour une allure intemporelle et un confort in\u00e9gal\u00e9.\" \/>\n<meta property=\"og:url\" content=\"https:\/\/novafemina.com\/?product=jean-bleu-large-confortable\" \/>\n<meta property=\"article:publisher\" content=\"https:\/\/www.facebook.com\/EDENROSEPARIS\" \/>\n<meta property=\"article:modified_time\" content=\"2024-01-24T15:45:09+00:00\" \/>\n<meta property=\"og:image\" content=\"http:\/\/novafemina.com\/wp-content\/uploads\/2023\/09\/bleu-1.jpg\" \/>\n\t<meta property=\"og:image:width\" content=\"1807\" \/>\n\t<meta property=\"og:image:height\" content=\"1950\" \/>\n\t<meta property=\"og:image:type\" content=\"image\/jpeg\" \/>\n<meta name=\"twitter:card\" content=\"summary_large_image\" \/>\n<meta name=\"twitter:label1\" content=\"Dur\u00e9e de lecture estim\u00e9e\" \/>\n\t<meta name=\"twitter:data1\" content=\"1 minute\" \/>\n<script type=\"application\/ld+json\" class=\"yoast-schema-graph\">{\"@context\":\"https:\/\/schema.org\",\"@graph\":[{\"@type\":\"WebPage\",\"@id\":\"https:\/\/novafemina.com\/?product=jean-bleu-large-confortable\",\"url\":\"https:\/\/novafemina.com\/?product=jean-bleu-large-confortable\",\"name\":\"Jean Regular -\",\"isPartOf\":{\"@id\":\"https:\/\/novafemina.com\/#website\"},\"datePublished\":\"2023-09-14T01:11:18+00:00\",\"dateModified\":\"2024-01-24T15:45:09+00:00\",\"description\":\"Nos jeans offrent un confort sup\u00e9rieur et une coupe impeccable. La teinte bleue polyvalente s'adapte \u00e0 tous les looks, du d\u00e9contract\u00e9 au chic. Trouvez votre jean bleu id\u00e9al pour une allure intemporelle et un confort in\u00e9gal\u00e9.\",\"breadcrumb\":{\"@id\":\"https:\/\/novafemina.com\/?product=jean-bleu-large-confortable#breadcrumb\"},\"inLanguage\":\"fr-FR\",\"potentialAction\":[{\"@type\":\"ReadAction\",\"target\":[\"https:\/\/novafemina.com\/?product=jean-bleu-large-confortable\"]}]},{\"@type\":\"BreadcrumbList\",\"@id\":\"https:\/\/novafemina.com\/?product=jean-bleu-large-confortable#breadcrumb\",\"itemListElement\":[{\"@type\":\"ListItem\",\"position\":1,\"name\":\"Accueil\",\"item\":\"https:\/\/novafemina.com\/\"},{\"@type\":\"ListItem\",\"position\":2,\"name\":\"Boutique\",\"item\":\"https:\/\/novafemina.com\/?page_id=996\"},{\"@type\":\"ListItem\",\"position\":3,\"name\":\"Jean Regular\"}]},{\"@type\":\"WebSite\",\"@id\":\"https:\/\/novafemina.com\/#website\",\"url\":\"https:\/\/novafemina.com\/\",\"name\":\"edenrosparis.com\",\"description\":\"\",\"publisher\":{\"@id\":\"https:\/\/novafemina.com\/#organization\"},\"potentialAction\":[{\"@type\":\"SearchAction\",\"target\":{\"@type\":\"EntryPoint\",\"urlTemplate\":\"https:\/\/novafemina.com\/?s={search_term_string}\"},\"query-input\":\"required name=search_term_string\"}],\"inLanguage\":\"fr-FR\"},{\"@type\":\"Organization\",\"@id\":\"https:\/\/novafemina.com\/#organization\",\"name\":\"Eden Rose Paris\",\"url\":\"https:\/\/novafemina.com\/\",\"logo\":{\"@type\":\"ImageObject\",\"inLanguage\":\"fr-FR\",\"@id\":\"https:\/\/novafemina.com\/#\/schema\/logo\/image\/\",\"url\":\"https:\/\/novafemina.com\/wp-content\/uploads\/2023\/11\/cropped-v-longue.png\",\"contentUrl\":\"https:\/\/novafemina.com\/wp-content\/uploads\/2023\/11\/cropped-v-longue.png\",\"width\":12327,\"height\":4105,\"caption\":\"Eden Rose Paris\"},\"image\":{\"@id\":\"https:\/\/novafemina.com\/#\/schema\/logo\/image\/\"},\"sameAs\":[\"https:\/\/www.facebook.com\/EDENROSEPARIS\",\"https:\/\/www.instagram.com\/edenrose_paris\/\"]}]}<\/script>\n<!-- \/ Yoast SEO plugin. -->","yoast_head_json":{"title":"Jean Regular -","description":"Nos jeans offrent un confort sup\u00e9rieur et une coupe impeccable. La teinte bleue polyvalente s'adapte \u00e0 tous les looks, du d\u00e9contract\u00e9 au chic. Trouvez votre jean bleu id\u00e9al pour une allure intemporelle et un confort in\u00e9gal\u00e9.","robots":{"index":"index","follow":"follow","max-snippet":"max-snippet:-1","max-image-preview":"max-image-preview:large","max-video-preview":"max-video-preview:-1"},"canonical":"https:\/\/novafemina.com\/?product=jean-bleu-large-confortable","og_locale":"fr_FR","og_type":"article","og_title":"Jean Regular -","og_description":"Nos jeans offrent un confort sup\u00e9rieur et une coupe impeccable. La teinte bleue polyvalente s'adapte \u00e0 tous les looks, du d\u00e9contract\u00e9 au chic. Trouvez votre jean bleu id\u00e9al pour une allure intemporelle et un confort in\u00e9gal\u00e9.","og_url":"https:\/\/novafemina.com\/?product=jean-bleu-large-confortable","article_publisher":"https:\/\/www.facebook.com\/EDENROSEPARIS","article_modified_time":"2024-01-24T15:45:09+00:00","og_image":[{"width":1807,"height":1950,"url":"http:\/\/novafemina.com\/wp-content\/uploads\/2023\/09\/bleu-1.jpg","type":"image\/jpeg"}],"twitter_card":"summary_large_image","twitter_misc":{"Dur\u00e9e de lecture estim\u00e9e":"1 minute"},"schema":{"@context":"https:\/\/schema.org","@graph":[{"@type":"WebPage","@id":"https:\/\/novafemina.com\/?product=jean-bleu-large-confortable","url":"https:\/\/novafemina.com\/?product=jean-bleu-large-confortable","name":"Jean Regular -","isPartOf":{"@id":"https:\/\/novafemina.com\/#website"},"datePublished":"2023-09-14T01:11:18+00:00","dateModified":"2024-01-24T15:45:09+00:00","description":"Nos jeans offrent un confort sup\u00e9rieur et une coupe impeccable. La teinte bleue polyvalente s'adapte \u00e0 tous les looks, du d\u00e9contract\u00e9 au chic. Trouvez votre jean bleu id\u00e9al pour une allure intemporelle et un confort in\u00e9gal\u00e9.","breadcrumb":{"@id":"https:\/\/novafemina.com\/?product=jean-bleu-large-confortable#breadcrumb"},"inLanguage":"fr-FR","potentialAction":[{"@type":"ReadAction","target":["https:\/\/novafemina.com\/?product=jean-bleu-large-confortable"]}]},{"@type":"BreadcrumbList","@id":"https:\/\/novafemina.com\/?product=jean-bleu-large-confortable#breadcrumb","itemListElement":[{"@type":"ListItem","position":1,"name":"Accueil","item":"https:\/\/novafemina.com\/"},{"@type":"ListItem","position":2,"name":"Boutique","item":"https:\/\/novafemina.com\/?page_id=996"},{"@type":"ListItem","position":3,"name":"Jean Regular"}]},{"@type":"WebSite","@id":"https:\/\/novafemina.com\/#website","url":"https:\/\/novafemina.com\/","name":"edenrosparis.com","description":"","publisher":{"@id":"https:\/\/novafemina.com\/#organization"},"potentialAction":[{"@type":"SearchAction","target":{"@type":"EntryPoint","urlTemplate":"https:\/\/novafemina.com\/?s={search_term_string}"},"query-input":"required name=search_term_string"}],"inLanguage":"fr-FR"},{"@type":"Organization","@id":"https:\/\/novafemina.com\/#organization","name":"Eden Rose Paris","url":"https:\/\/novafemina.com\/","logo":{"@type":"ImageObject","inLanguage":"fr-FR","@id":"https:\/\/novafemina.com\/#\/schema\/logo\/image\/","url":"https:\/\/novafemina.com\/wp-content\/uploads\/2023\/11\/cropped-v-longue.png","contentUrl":"https:\/\/novafemina.com\/wp-content\/uploads\/2023\/11\/cropped-v-longue.png","width":12327,"height":4105,"caption":"Eden Rose Paris"},"image":{"@id":"https:\/\/novafemina.com\/#\/schema\/logo\/image\/"},"sameAs":["https:\/\/www.facebook.com\/EDENROSEPARIS","https:\/\/www.instagram.com\/edenrose_paris\/"]}]}},"_links":{"self":[{"href":"https:\/\/novafemina.com\/index.php?rest_route=\/wp\/v2\/product\/2581"}],"collection":[{"href":"https:\/\/novafemina.com\/index.php?rest_route=\/wp\/v2\/product"}],"about":[{"href":"https:\/\/novafemina.com\/index.php?rest_route=\/wp\/v2\/types\/product"}],"replies":[{"embeddable":true,"href":"https:\/\/novafemina.com\/index.php?rest_route=%2Fwp%2Fv2%2Fcomments&post=2581"}],"wp:featuredmedia":[{"embeddable":true,"href":"https:\/\/novafemina.com\/index.php?rest_route=\/wp\/v2\/media\/2554"}],"wp:attachment":[{"href":"https:\/\/novafemina.com\/index.php?rest_route=%2Fwp%2Fv2%2Fmedia&parent=2581"}],"wp:term":[{"taxonomy":"product_cat","embeddable":true,"href":"https:\/\/novafemina.com\/index.php?rest_route=%2Fwp%2Fv2%2Fproduct_cat&post=2581"},{"taxonomy":"product_tag","embeddable":true,"href":"https:\/\/novafemina.com\/index.php?rest_route=%2Fwp%2Fv2%2Fproduct_tag&post=2581"}],"curies":[{"name":"wp","href":"https:\/\/api.w.org\/{rel}","templated":true}]}}